on divisor of 360 and 33320?
40
Calculate the greatest common factor of 5283675 and 2151.
9
What is the greatest common factor of 1596 and 32396140?
532
Calculate the highest common factor of 971321 and 9347.
13
What is the greatest common factor of 504 and 9187360?
56
Calculate the greatest common divisor of 55320507 and 297.
99
What is the highest common factor of 359726 and 310298?
2746
Calculate the greatest common divisor of 4606 and 940038540.
4606
What is the greatest common factor of 6624600 and 417024?
4344
Calculate the highest common factor of 18283 and 15308706.
389
What is the greatest common factor of 3982462 and 1408?
22
What is the greatest common divisor of 23036596 and 99572?
1364
What is the greatest common divisor of 21474 and 1332?
18
Calculate the highest common divisor of 1403193 and 10908.
303
Calculate the highest common factor of 40390760 and 200.
40
Calculate the greatest common divisor of 231536 and 5104.
464
Calculate the highest common factor of 9212 and 31968272.
1316
What is the greatest common divisor of 439075 and 385?
35
What is the highest common divisor of 96308888 and 52?
52
Calculate the highest common factor of 9499776 and 594.
66
Calculate the highest common divisor of 1373 and 369036313.
1373
Calculate the greatest common factor of 46208915 and 218.
109
Calculate the greatest common factor of 2390433 and 45060.
2253
Calculate the highest common factor of 25560 and 31236120.
360
What is the greatest common factor of 101 and 4295276288?
101
Calculate the greatest common factor of 1440799 and 6.
1
What is the greatest common divisor of 10196093 and 3601?
277
What is the greatest common divisor of 39784746 and 912?
114
Calculate the greatest common divisor of 15 and 5466978.
3
What is the highest common divisor of 288624 and 84336?
336
Calculate the greatest common divisor of 3522310 and 3280.
410
Calculate the highest common factor of 4761 and 25821.
9
What is the greatest common divisor of 412377000 and 876?
876
Calculate the greatest common divisor of 3147696 and 3.
3
Calculate the highest common divisor of 13149690 and 59760.
2490
What is the greatest common divisor of 48162521 and 339?
113
Calculate the highest common factor of 24 and 134955856.
8
What is the greatest common factor of 17754037 and 14?
7
What is the highest common factor of 63398432 and 64?
32
What is the greatest common factor of 1684 and 74506896?
1684
Calculate the highest common factor of 51 and 21192727.
17
What is the greatest common divisor of 95832 and 3522552?
2904
What is the greatest common factor of 320108 and 1231808?
4052
What is the greatest common divisor of 143 and 9045498?
11
Calculate the highest common divisor of 446251380 and 11320.
5660
What is the greatest common factor of 2636105 and 935?
85
What is the greatest common factor of 89700 and 113763?
39
Calculate the highest common divisor of 22050456 and 6888.
984
What is the greatest common divisor of 292395 and 127959?
579
What is the highest common factor of 68845654 and 354310?
6442
Calculate the highest common factor of 243173844 and 24.
12
Calculate the greatest common factor of 2027 and 1584467387.
2027
Calculate the highest common factor of 29871002 and 798.
266
Calculate the highest common factor of 6844 and 20260.
4
What is the highest common factor of 701296 and 58088?
424
Calculate the greatest common divisor of 96 and 24487008.
96
What is the greatest common factor of 590 and 2209668?
118
Calculate the greatest common divisor of 102 and 587894.
34
What is the highest common factor of 38 and 983681357?
19
Calculate the greatest common divisor of 6152 and 2217796.
3076
Calculate the highest common factor of 3764031 and 7845.
1569
What is the greatest common divisor of 27741200 and 80?
80
What is the highest common divisor of 5592 and 4027638?
1398
What is the highest common divisor of 13215 and 281175?
15
What is the highest common divisor of 3081 and 1799538?
39
What is the greatest common factor of 121044 and 212289?
231
Calculate the highest common divisor of 143170305 and 45.
15
Calculate the highest common divisor of 10 and 14230730.
10
Calculate the highest common divisor of 82533 and 93470652.
1353
Calculate the greatest common factor of 71412 and 115774.
1082
What is the highest common divisor of 7103488 and 4928?
448
Calculate the highest common factor of 47519 and 4667293.
1159
What is the greatest common divisor of 126158848 and 10240?
2048
What is the greatest common divisor of 1825 and 67048675?
1825
What is the greatest common factor of 391110 and 360?
30
What is the highest common divisor of 324 and 1218221208?
324
What is the greatest common divisor of 11386349 and 117?
13
What is the highest common factor of 875635 and 4035?
5
What is the greatest common divisor of 567852 and 158?
158
Calculate the highest common divisor of 89197 and 33157.
467
What is the highest common factor of 36771088 and 80?
16
What is the highest common factor of 243285 and 29505?
105
What is the greatest common divisor of 37228 and 920040?
164
Calculate the greatest common factor of 56854246 and 158.
158
What is the highest common factor of 227240 and 123110?
130
What is the greatest common divisor of 62550 and 870345?
45
Calculate the greatest common divisor of 61065 and 886995.
1035
Calculate the highest common divisor of 283 and 814518431.
283
What is the greatest common divisor of 12403308 and 536?
268
What is the highest common factor of 18510083 and 401399?
5081
Calculate the highest common factor of 43 and 395310997.
43
Calculate the greatest common divisor of 197156 and 300932.
92
What is the greatest common divisor of 70697100 and 2983?
2983
What is the highest common divisor of 8401989 and 15?
3
What is the greatest common factor of 51858 and 967500?
774
What is the greatest common divisor of 11 and 65916521?
11
What is the greatest common divisor of 13070684 and 748?
44
Calculate the greatest common factor of 103334890 and 6620.
3310
Calculate the highest common divisor of 324 and 1437540.
12
Calculate the highest common factor of 26 and 349905816.
26
What is the greatest common factor of 418795 and 217925?
1895
What is the greatest common factor of 3356106 and 19890?
1326
Calculate the highest common divisor of 4338096 and 4320.
48
What is the greatest common divisor of 140 and 279272?
28
What is the greatest common factor of 576784 and 435032?
4888
Calculate the greatest common factor of 35424 and 31889472.
3936
Calculate the greatest common divisor of 311220492 and 66.
66
Calculate the highest common factor of 54 and 2850138.
18
Calculate the greatest common factor of 17000628 and 8028.
2676
Calculate the greatest common factor of 84 and 4637500.
28
Calculate the highest common divisor of 1772664 and 121160.
1864
Calculate the highest common factor of 3759541830 and 11.
11
Calculate the greatest common factor of 934 and 3346047528.
934
What is the greatest common divisor of 1771 and 55996996?
253
Calculate the greatest common divisor of 300 and 186494700.
300
Calculate the greatest common factor of 1472489 and 100640.
629
What is the highest common factor of 215104 and 6207767?
3361
What is the highest common factor of 4168 and 328340452?
2084
What is the greatest common divisor of 1585656 and 297432?
648
What is the highest common divisor of 52390611 and 247?
13
Calculate the greatest common divisor of 101249233 and 893.
893
Calculate the greatest common factor of 8803 and 3244847421.
8803
What is the greatest common factor of 14 and 479627197?
7
Calculate the greatest common divisor of 1672 and 155852972.
836
What is the greatest common factor of 4543323 and 24?
3
What is the highest common divisor of 366451 and 10?
1
Calculate the highest common factor of 21390538 and 26.
26
Calculate the highest common divisor of 2806828 and 1104.
92
Calculate the highest common factor of 2839 and 1752080333.
2839
What is the highest common factor of 266 and 2153270?
266
Calculate the highest common factor of 60242 and 14422332.
662
What is the greatest common factor of 4950 and 1061235450?
4950
What is the highest common factor of 703525 and 211111?
107
What is the highest common factor of 6210721 and 28741?
41
What is the greatest common divisor of 254687